{"id":48,"date":"2014-11-23T04:18:00","date_gmt":"2014-11-23T02:18:00","guid":{"rendered":"http:\/\/el-sombrero-hueckelhoven.de\/?page_id=48"},"modified":"2025-01-07T00:42:04","modified_gmt":"2025-01-06T22:42:04","slug":"aktionen","status":"publish","type":"page","link":"http:\/\/el-sombrero-hueckelhoven.de\/?page_id=48","title":{"rendered":"Aktionen"},"content":{"rendered":"<p><strong>Jeden Mittwoch<\/strong>: Gambas all you can eat: 28,00 \u20ac (18:30 &#8211; 21:30 Uhr)<\/p>\n<p>Dazu <strong>jeden Donnerstag<\/strong> frei nach dem Motto &#8222;all you can eat&#8220; Spare Ribs zum Preis von 20,00 \u20ac (18:30 &#8211; 21:30 Uhr).<\/p>\n<p><strong>Montags<\/strong>: ca. 1 KG Gambas &#8211; im Teller serviert, mit Knoblauch gebraten, dazu ein 0,5l Softdrink: 19,50,00 \u20ac<\/p>\n<p>Wann d\u00fcrfen wir Sie begr\u00fc\u00dfen und begeistern?<\/p>\n<p><a href=\"http:\/\/el-sombrero-hueckelhoven.de\/wp-content\/uploads\/2014\/11\/IMG_5550.jpg\"><img loading=\"lazy\" class=\"alignnone size-medium wp-image-72\" src=\"http:\/\/el-sombrero-hueckelhoven.de\/wp-content\/uploads\/2014\/11\/IMG_5550-300x200.jpg\" alt=\"IMG_5550\" width=\"300\" height=\"200\" srcset=\"http:\/\/el-sombrero-hueckelhoven.de\/wp-content\/uploads\/2014\/11\/IMG_5550-300x200.jpg 300w, http:\/\/el-sombrero-hueckelhoven.de\/wp-content\/uploads\/2014\/11\/IMG_5550-1024x682.jpg 1024w, http:\/\/el-sombrero-hueckelhoven.de\/wp-content\/uploads\/2014\/11\/IMG_5550-225x150.jpg 225w, http:\/\/el-sombrero-hueckelhoven.de\/wp-content\/uploads\/2014\/11\/IMG_5550-150x100.jpg 150w, http:\/\/el-sombrero-hueckelhoven.de\/wp-content\/uploads\/2014\/11\/IMG_5550.jpg 1200w\" sizes=\"(max-width: 300px) 100vw, 300px\" \/><\/a>\u00a0<a href=\"http:\/\/el-sombrero-hueckelhoven.de\/wp-content\/uploads\/2014\/11\/IMG_5558.jpg\"><img loading=\"lazy\" class=\"alignnone size-medium wp-image-73\" src=\"http:\/\/el-sombrero-hueckelhoven.de\/wp-content\/uploads\/2014\/11\/IMG_5558-300x200.jpg\" alt=\"IMG_5558\" width=\"300\" height=\"200\" srcset=\"http:\/\/el-sombrero-hueckelhoven.de\/wp-content\/uploads\/2014\/11\/IMG_5558-300x200.jpg 300w, http:\/\/el-sombrero-hueckelhoven.de\/wp-content\/uploads\/2014\/11\/IMG_5558-1024x682.jpg 1024w, http:\/\/el-sombrero-hueckelhoven.de\/wp-content\/uploads\/2014\/11\/IMG_5558-225x150.jpg 225w, http:\/\/el-sombrero-hueckelhoven.de\/wp-content\/uploads\/2014\/11\/IMG_5558-150x100.jpg 150w, http:\/\/el-sombrero-hueckelhoven.de\/wp-content\/uploads\/2014\/11\/IMG_5558.jpg 1200w\" sizes=\"(max-width: 300px) 100vw, 300px\" \/><\/a>\u00a0<a href=\"http:\/\/el-sombrero-hueckelhoven.de\/wp-content\/uploads\/2014\/11\/IMG_5560.jpg\"><img loading=\"lazy\" class=\"alignnone size-medium wp-image-75\" src=\"http:\/\/el-sombrero-hueckelhoven.de\/wp-content\/uploads\/2014\/11\/IMG_5560-300x200.jpg\" alt=\"IMG_5560\" width=\"300\" height=\"200\" srcset=\"http:\/\/el-sombrero-hueckelhoven.de\/wp-content\/uploads\/2014\/11\/IMG_5560-300x200.jpg 300w, http:\/\/el-sombrero-hueckelhoven.de\/wp-content\/uploads\/2014\/11\/IMG_5560-1024x682.jpg 1024w, http:\/\/el-sombrero-hueckelhoven.de\/wp-content\/uploads\/2014\/11\/IMG_5560-225x150.jpg 225w, http:\/\/el-sombrero-hueckelhoven.de\/wp-content\/uploads\/2014\/11\/IMG_5560-150x100.jpg 150w, http:\/\/el-sombrero-hueckelhoven.de\/wp-content\/uploads\/2014\/11\/IMG_5560.jpg 1200w\" sizes=\"(max-width: 300px) 100vw, 300px\" \/><\/a><\/p>\n<p>Viva Mexiko, viva El Sombrero.<\/p>\n","protected":false},"excerpt":{"rendered":"<p>Jeden Mittwoch: Gambas all you can eat: 28,00 \u20ac (18:30 &#8211; 21:30 Uhr) Dazu jeden Donnerstag frei nach dem Motto &#8222;all you can eat&#8220; Spare Ribs zum Preis von 20,00 \u20ac (18:30 &#8211; 21:30 Uhr). Montags: ca. 1 KG Gambas &#8211; im Teller serviert, mit Knoblauch gebraten, dazu ein 0,5l\u2026 <a class=\"continue-reading-link\" href=\"http:\/\/el-sombrero-hueckelhoven.de\/?page_id=48\">Continue reading<\/a><\/p>\n","protected":false},"author":1,"featured_media":0,"parent":0,"menu_order":0,"comment_status":"closed","ping_status":"open","template":"templates\/template-onecolumn.php","meta":[],"_links":{"self":[{"href":"http:\/\/el-sombrero-hueckelhoven.de\/index.php?rest_route=\/wp\/v2\/pages\/48"}],"collection":[{"href":"http:\/\/el-sombrero-hueckelhoven.de\/index.php?rest_route=\/wp\/v2\/pages"}],"about":[{"href":"http:\/\/el-sombrero-hueckelhoven.de\/index.php?rest_route=\/wp\/v2\/types\/page"}],"author":[{"embeddable":true,"href":"http:\/\/el-sombrero-hueckelhoven.de\/index.php?rest_route=\/wp\/v2\/users\/1"}],"replies":[{"embeddable":true,"href":"http:\/\/el-sombrero-hueckelhoven.de\/index.php?rest_route=%2Fwp%2Fv2%2Fcomments&post=48"}],"version-history":[{"count":13,"href":"http:\/\/el-sombrero-hueckelhoven.de\/index.php?rest_route=\/wp\/v2\/pages\/48\/revisions"}],"predecessor-version":[{"id":214,"href":"http:\/\/el-sombrero-hueckelhoven.de\/index.php?rest_route=\/wp\/v2\/pages\/48\/revisions\/214"}],"wp:attachment":[{"href":"http:\/\/el-sombrero-hueckelhoven.de\/index.php?rest_route=%2Fwp%2Fv2%2Fmedia&parent=48"}],"curies":[{"name":"wp","href":"https:\/\/api.w.org\/{rel}","templated":true}]}}